{"id":4588,"date":"2020-06-02T06:39:57","date_gmt":"2020-06-02T06:39:57","guid":{"rendered":"http:\/\/www.legrandmeaulnes.fr\/?page_id=4588"},"modified":"2022-10-05T09:12:38","modified_gmt":"2022-10-05T09:12:38","slug":"mentions-legales","status":"publish","type":"page","link":"https:\/\/www.legrandmeaulnes.fr\/?page_id=4588","title":{"rendered":"Mentions l\u00e9gales"},"content":{"rendered":"\n<p><em>Vous trouverez sur cette page les <strong>mentions l\u00e9gales<\/strong> concernant le pr\u00e9sent site internet.<\/em><\/p>\n\n\n\n<ul><li><strong>Adresse de l\u2019\u00e9tablissement<\/strong><\/li><\/ul>\n\n\n\n<p>Coll\u00e8ge Le Grand Meaulnes<br> 30 rue St\u00e9phane Mallarm\u00e9<br> B.P. 4052<br> 18 028 BOURGES CEDEX<br> T\u00e9l : 02.48.70.53.88<\/p>\n\n\n\n<ul><li><strong>Forme Juridique<\/strong><\/li><\/ul>\n\n\n\n<p>EPLE<\/p>\n\n\n\n<ul><li><strong>Code RNE<\/strong><\/li><\/ul>\n\n\n\n<p>0180766K<\/p>\n\n\n\n<ul><li><strong>Directeur de la publication<\/strong><\/li><\/ul>\n\n\n\n<p>Mme VILLOUTREIX Pascale<\/p>\n\n\n\n<p><strong>H\u00e9bergeur<\/strong> :<\/p>\n\n\n<p><strong>Nuxit &#8211; Groupe Magic Online<\/strong><\/p>\n\n\n<p>Soci\u00e9t\u00e9 au capital de 102.840 \u20ac immatricul\u00e9e sous le num\u00e9ro 378 499 073 RCS Bobigny et dont le si\u00e8ge social est situ\u00e9 \u00e0 Montreuil sous Bois (93100), 130-134 avenue du Pr\u00e9sident Wilson (T\u00e9l. +33.1.41.58.22.50 \u2013 Fax. +33.1.56.72.93.30 \u2013 Email : info@magic.fr)<\/p>\n\n\n\n<p><strong>Droits de reproduction <\/strong><\/p>\n\n\n\n<p>L\u2019int\u00e9gralit\u00e9 des articles publi\u00e9s sur le site, ainsi que les documents aff\u00e9rents, sont la propri\u00e9t\u00e9 du coll\u00e8ge. <strong>Reproduction compl\u00e8te ou partielle interdite sans une autorisation expresse et \u00e9crite du directeur de la publication.<\/strong><\/p>\n","protected":false},"excerpt":{"rendered":"<p>Vous trouverez sur cette page les mentions l\u00e9gales concernant le pr\u00e9sent site internet. Adresse de<\/p>\n","protected":false},"author":9,"featured_media":0,"parent":0,"menu_order":0,"comment_status":"closed","ping_status":"closed","template":"","meta":{"footnotes":""},"_links":{"self":[{"href":"https:\/\/www.legrandmeaulnes.fr\/index.php?rest_route=\/wp\/v2\/pages\/4588"}],"collection":[{"href":"https:\/\/www.legrandmeaulnes.fr\/index.php?rest_route=\/wp\/v2\/pages"}],"about":[{"href":"https:\/\/www.legrandmeaulnes.fr\/index.php?rest_route=\/wp\/v2\/types\/page"}],"author":[{"embeddable":true,"href":"https:\/\/www.legrandmeaulnes.fr\/index.php?rest_route=\/wp\/v2\/users\/9"}],"replies":[{"embeddable":true,"href":"https:\/\/www.legrandmeaulnes.fr\/index.php?rest_route=%2Fwp%2Fv2%2Fcomments&post=4588"}],"version-history":[{"count":7,"href":"https:\/\/www.legrandmeaulnes.fr\/index.php?rest_route=\/wp\/v2\/pages\/4588\/revisions"}],"predecessor-version":[{"id":5580,"href":"https:\/\/www.legrandmeaulnes.fr\/index.php?rest_route=\/wp\/v2\/pages\/4588\/revisions\/5580"}],"wp:attachment":[{"href":"https:\/\/www.legrandmeaulnes.fr\/index.php?rest_route=%2Fwp%2Fv2%2Fmedia&parent=4588"}],"curies":[{"name":"wp","href":"https:\/\/api.w.org\/{rel}","templated":true}]}}